 is divided by r?
4
Let s(y) = -8*y**3 - 5*y**2 - 2*y + 4. Let f(g) = -71*g + 369. Calculate the remainder when s(-3) is divided by f(5).
13
Suppose 0 = -z - 0*z - z. Suppose -l + 28 + 2 = z. Calculate the remainder when l is divided by 11.
8
Let t = 6 - -9. Suppose -2*v = -t - 77. Calculate the remainder when 181 is divided by v.
43
Let i(q) = 2*q + 6. Let a be i(-4). Let k = 15 - a. Let j = k + -15. What is the remainder when 3 is divided by j?
1
Let j = -614 + 651. What is the remainder when 476 is divided by j?
32
Let p(h) = -6*h**2 - 5*h + 2. Let b be p(2). What is the remainder when 12 is divided by (3 - 1)/((-8)/b)?
4
Suppose 1 = -0*x - x. Let c = x + 1. Suppose 5*f + 34 = y - 1, c = -2*y - 2*f + 82. What is the remainder when y is divided by 21?
19
Suppose 5*y - 9 = -2*g, -14 = g - 3*g - 4*y. Suppose -g*z - 7 = -16*z. Let s(l) = -l**3 - 6*l**2 + 4*l - 7. What is the remainder when s(z) is divided by 3?
2
Let g(l) = -5*l - 25. Let c be g(-11). Suppose -7*y = -4*k - 2*y + 40, 0 = -3*k - 5*y + c. Calculate the remainder when 37 is divided by k.
7
Let j(a) = a + 24. Calculate the remainder when 113 is divided by j(15).
35
Let x(a) = 207*a**3 - 2*a**2 + 1. What is the remainder when x(1) is divided by 30?
26
Suppose 0 = -301*z + 319*z - 486. Let r(m) = 39*m + 1. Calculate the remainder when r(2) is divided by z.
25
Let n be (-822)/(-4)*20/15. Let m = n + -172. Let b = m + -57. What is the remainder when b is divided by 16?
13
Let v(r) = 72*r**2 - 3*r + 1. Let z be v(1). Suppose -10*h + 8*h = -z. Calculate the remainder when h is divided by 19.
16
Let m(x) = -x**3 + 8*x**2 - 7*x + 2. Let z(b) = -b**3 - 9*b**2 + 8. Let n be z(-9). Suppose n = 3*a - a. What is the remainder when a is divided by m(7)?
0
Let r(x) = 3*x + 139. What is the remainder when r(-31) is divided by 14?
4
Let g = -260 + 478. Calculate the remainder when g is divided by 56.
50
What is the remainder when 3716 is divided by ((-10)/(-60))/((-4)/(-4056))?
167
Let f be (19/57)/((-1)/(-12)). Calculate the remainder when 78 is divided by (-2*5)/(f/(-8)).
18
Suppose t = 39 - 10. Let q = 194 + -81. Calculate the remainder when q is divided by t.
26
Let b(u) = -14*u - 206. What is the remainder when b(-17) is divided by 11?
10
What is the remainder when (1/1)/2 + 22161/166 is divided by 50?
34
Let n(k) = k**3 + 11*k**2 + 15*k + 74. Calculate the remainder when 109 is divided by n(-10).
13
Let u = -525 + 607. Suppose -2 = -d + 2*n, -5*d = -0*d + 2*n - 70. Calculate the remainder when u is divided by d.
10
Suppose -25*n + 29*n = 0. Let t(s) = s**3 - 2*s**2 - s + 17. Calculate the remainder when 31 is divided by t(n).
14
Let y(m) = m**3 + 13*m**2 + 23*m + 138. Let u(r) = 2*r**2 - 2*r - 2. What is the remainder when u(-2) is divided by y(-12)?
4
Calculate the remainder when 83 is divided by 2 - 2 - (-31 + -9) - 3.
9
What is the remainder when 222 is divided by (3 - (3 + -1)) + 540/20?
26
Let s = -24 + 227. Calculate the remainder when s is divided by 51.
50
Suppose 3*h = 185 - 62. What is the remainder when ((-32)/6)/(3/(-45)) is divided by h?
39
Let r = -2 + 4. What is the remainder when ((-5)/10)/(r/(-100)) is divided by 7?
4
Suppose -47*d + 78*d - 434 = 0. What is the remainder when 39 is divided by d?
11
Let m(y) = y**3 - 2*y**2 - y - 4. Let l be m(3). Suppose 3*g + 24 = f, 96 = 3*f - 2*g + 5*g. Calculate the remainder when f is divided by (-8)/(-1*l)*2.
6
Let a = -1540 + 2278. Calculate the remainder when a is divided by 19.
16
Let x(d) = -9*d - 168. Calculate the remainder when 155 is divided by x(-23).
38
What is the remainder when (1 + 8)*18 + -9 is divided by 13?
10
What is the remainder when 274 is divided by (-10)/35 + 3285/105?
26
Let q be ((-6)/6)/(2/(-12)). Suppose -q*w - w + 343 = 0. What is the remainder when w is divided by 26?
23
What is the remainder when 1038 is divided by 2*-28*22/(-77)?
14
Let p(r) = 3*r + r**2 + 0*r + 13 + 0. Calculate the remainder when p(-7) is divided by 11.
8
Suppose 5*d + 84 = 3*t + 234, 2*d - 56 = 2*t. What is the remainder when d is divided by 16?
1
Let w = 691 - 666. Calculate the remainder when 1097 is divided by w.
22
Let t = 76 + -189. Let z = t + 180. What is the remainder when z is divided by (-3)/(-1*9/51)?
16
Let b = 15 + -6. Suppose u - 2*n - 3*n = -24, 0 = -4*u + 3*n - 181. Let v = 63 + u. Calculate the remainder when v is divided by b.
5
What is the remainder when 116 is divided by (8/10)/((-4)/(-90))?
8
Let f(o) = -o**3 - 4*o**2 + 3*o + 6. Let w be f(-4). Let b(u) = -5*u**2 + 5*u - 1 - 2 - u**3 + 5. What is the remainder when b(w) is divided by 3?
2
Suppose 6*q - 4*c = 148, -c + 53 = 2*q - 6*c. What is the remainder when 405 is divided by q?
21
What is the remainder when (463 - 0 - 1)*(-291)/(-873) is divided by 40?
34
Let s(r) = -r**2 - 3*r + 4. Let p be s(-4). What is the remainder when p/10 - (-104)/1 is divided by 21?
20
Suppose -108 = -2*g + c, -2*g + c - 210 = -6*g. Let j = g - 26. Calculate the remainder when j is divided by 14.
13
Calculate the remainder when 118 is divided by (4 - 6)*(-60)/8.
13
Let h = 14 + -9. Let s(j) = j**3 - 3*j**2 - 2*j + 16. Let v be s(3). Suppose v + 0 = h*d. What is the remainder when d is divided by 2?
0
Suppose -62 = 5*m - 5*x - 162, -70 = -5*m - 5*x. Let n = -41 + m. Calculate the remainder when (-24)/(-8) - (n - 2) is divided by 16.
13
Let a be (-16)/(-6)*(-69)/46. Let b(q) = 1. Let t(f) = f**2 + f. Let z(g) = -b(g) + t(g). What is the remainder when z(a) is divided by 3?
2
Let d(j) = -2*j + 3. Suppose 5*f + 308 = 3*l, 5*l = -4*f - f + 460. Let q = -53 + l. Calculate the remainder when q is divided by d(-3).
7
Let a(o) = o**2 + 13*o + 5. Let k be a(-11). Let u = 26 + k. Let l = u + 0. Calculate the remainder when 22 is divided by l.
4
Let i be (-1)/2 - (-236)/8. Let u(w) = -w**2 + 7*w + 128. What is the remainder when i + 1*(-1 + 3) is divided by u(-8)?
7
Let c(l) = 3*l**2 - 2*l - 1. Let s be c(-2). Suppose -5*p + 130 - s = 0. Calculate the remainder when p is divided by (8/5)/((-12)/(-90)).
11
Suppose -6*x = -9*x + 3*u + 105, -4*x + 3*u + 138 = 0. Calculate the remainder when 416 is divided by x.
20
Suppose 5*x + 5*q - 440 = 0, 5*x - q = 460 - 38. What is the remainder when 422 is divided by x?
82
Let y = -17 + 24. Suppose -4*h = -3*c, 4*c = -0*c + 3*h + 7. Suppose c*s - 111 = b, b - 14 = -2*s + 37. What is the remainder when s is divided by y?
6
Suppose 4*r - 3*w + 0*w = 132, 0 = -4*r + 4*w + 132. Let y = r - 5. What is the remainder when 108 is divided by y?
24
Let s be 4/8 - (-207)/6. Let g(x) = x**3 + 12*x**2 + 9. What is the remainder when g(-12) is divided by 3 - (-7)/(s/15)?
3
Let z(p) = 14*p - 39. Calculate the remainder when z(5) is divided by 7.
3
Suppose -2*n + 5*q = -32, -n - 4*q + 36 = 3*n. Let u(r) = -r**3 - r**2 + r - 3. Suppose 7 + 1 = -2*h. What is the remainder when u(h) is divided by n?
8
Suppose 0 = -12*n - 318 + 462. Let s = 93 - 47. Calculate the remainder when s is divided by n.
10
Suppose 2*d = 8 + 2. Let a = d + -3. Calculate the remainder when (6/(-4))/(a/(-48)) is divided by 13.
10
What is the remainder when ((-4)/16)/((-3)/(-342))*-4 is divided by 33?
15
Let q = 166 - -83. Calculate the remainder when q is divided by 50.
49
Suppose 964 = 5*l + 2*x + 51, -730 = -4*l - 2*x. Calculate the remainder when l is divided by 59 - -42*4/(-14).
42
Suppose 9 = 11*b - 233. What is the remainder when 431 is divided by b?
13
Let y(h) = -h**2 + 12*h - 18. Let g be y(10). Let p be ((-14)/(-2))/((-2)/26). What is the remainder when 12/(-18)*(p - g) is divided by 16?
14
Suppose -f - 45 = -5*r, -5*r - f + 27 = -r. Suppose -2*m = -0*m - r, 17 = 3*c - m. Calculate the remainder when c is divided by 4.
3
Calculate the remainder when 28 is divided by -152*(-5)/(49 - 9).
9
Suppose -4*x + 14 = q - 13, -3*q - 5*x = -60. Let u = 15 - q. Calculate the remainder when 7 is divided by (u - 3) + (5 - 0).
1
Let b = 2 - 7. Let r = b - -6. Let x = -43 - -46. Calculate the remainder when x is divided by r.
0
Let i be ((-54)/4)/(4 - 36/8). Suppose 9*d - 306 - i = 0. Calculate the remainder when d is divided by 14.
9
Let m(v) = 4*v**2. Let d be m(1). Let h be (-27 + -1)*(-3)/d. Suppose -h = -n + 2. Calculate the remainder when n is divided by 13.
10
Let o = -39 + 41. Calculate the remainder when